k be x(-1). Let v be y(k). Let q(i) = -i**3 - 2*i**2 + 3*i + 1. Calculate q(v).
-5
Let d(x) = x**2 + 9*x + 9. Suppose -12 = 3*i + 9. Give d(i).
-5
Let y(l) be the third derivative of -l**4/24 + l**3/2 + l**2. Let w be y(-9). Suppose w = i - 4*i. Let z(c) = -c**3 - 5*c**2 - 5*c - 3. What is z(i)?
1
Let t(h) = -7*h + 90. Let m be t(13). Let p(k) = -3*k + 1. What is p(m)?
4
Let y(a) = a**2 + 8*a + 1. Let w(i) = i - 6. Let r be w(0). What is y(r)?
-11
Let p(j) be the second derivative of j**5/20 - j**4/12 + 3*j**2/2 - 9*j. Give p(0).
3
Let t(k) = k**2. Let i(c) = 5*c**2 + 9*c + 4. Let a(q) = i(q) - 6*t(q). Let z be a(10). Let p(g) = 2*g + 4. Determine p(z).
-8
Let r(h) be the third derivative of h**7/5040 - h**6/180 + h**5/60 - 2*h**2. Let x(i) be the third derivative of r(i). Determine x(7).
3
Let q = -6 - -3. Let a(p) = p - 1. Let w be a(q). Let g(k) = 3*k**2 - 4. Let h(o) = -2*o**2 + o + 3. Let f(z) = -3*g(z) - 4*h(z). Determine f(w).
0
Let c(k) = k**2 + 2*k - 1. Let v(t) = -t**2 - t. Let s(d) = c(d) + 2*v(d). Determine s(-3).
-10
Let p(k) = -1 - 3 - 4*k - k**2 + 0*k. Calculate p(-4).
-4
Let r(y) = 2*y. Let p(b) = 3*b + 6. Let c be p(-3). Determine r(c).
-6
Let w(k) = -k - 4. Let z be (-13)/(-5) + 8/20. Let n be (-3 - 2)/(z + -2). What is w(n)?
1
Let u(y) = -9*y + 1. Let m(b) = -13*b + 2. Let w(x) = -5*m(x) + 7*u(x). Let p(i) = i**3 + 8*i**2 - 9*i + 4. Let l be p(-9). Calculate w(l).
5
Let j(o) = -10*o**3 - 12*o**2 + 28*o + 5. Let q(v) = -3*v**3 - 4*v**2 + 9*v + 2. Let l(w) = 2*j(w) - 7*q(w). Calculate l(-5).
6
Let i(c) = -2*c - 7. Suppose 0 = -4*b - 5 + 21. Suppose -l - 30 = b*l. Determine i(l).
5
Suppose 2*j + 17 = -3*z + 4*z, z + 18 = -5*j. Let v(m) = -m + 3. Give v(z).
-4
Let g(z) = -z**3 - 4*z**2 - 3*z - 3. Let y be ((-1)/2)/((-2)/(-12)). Determine g(y).
-3
Suppose 6*c - 3*c = 6. Let d(u) = 4*u**2 - 2*u. Determine d(c).
12
Let a(m) = m**3 - m**2 + m + 1. Let n(b) = -6*b**3 + 3*b**2 - 7*b - 5. Let d be ((-4)/(-6))/(2/(-3)). Let y(t) = d*n(t) - 5*a(t). What is y(-2)?
-4
Let n(z) be the third derivative of z**4/24 + z**3/2 + 4*z**2. Suppose -8 = -5*h - 33. Give n(h).
-2
Let n(d) = -d**2 - 7*d - 4. Let f be 33/(-5) + (-3)/(-5). Let c(p) = p**2 + 8*p + 5. Let r be c(f). Give n(r).
-4
Let x(r) = 3*r - 2. Suppose 2*f + 8 = -2*f, -5*y = -f - 22. Determine x(y).
10
Let n(d) = 9*d - 23. Let i be n(3). Let z(v) = v - 8. What is z(i)?
-4
Let m(p) be the third derivative of -p**6/144 + p**5/120 + p**4/6 + 4*p**2. Let q(s) be the second derivative of m(s). Determine q(1).
-4
Let x(t) = -2*t**2 - 3*t**2 - t + 3*t**2 - 2 + 2*t**3. Give x(2).
4
Let j(v) = -v**2 - 5*v - 5. Suppose -2 = 2*l - 3*l. Suppose -l*a - a = 18. Calculate j(a).
-11
Let i(x) be the first derivative of x**4/4 + 5*x**3/3 + 2*x**2 + 2*x - 11. Give i(-4).
2
Let w(f) = -2*f - 3*f - 2*f + 5. Let m(v) = 7*v - 4. Suppose 5*q + 9 = 3*s - 26, -2*s + 14 = -q. Let k(t) = q*m(t) - 3*w(t). Calculate k(-1).
8
Let n be 20/(-6) - 2/(-6). Let q be 16/n + (-1)/(-3). Let u(k) = k**2 - k + 1. Let v(p) = 2*p**2 - 3*p + 1. Let g(d) = -13*u(d) + 6*v(d). Calculate g(q).
-7
Let a(s) = 34*s + 10. Let w(c) = 7*c + 2. Let h(x) = -3*a(x) + 14*w(x). Calculate h(-2).
6
Let v(t) be the third derivative of 0*t + 0*t**5 + t**2 + 1/12*t**4 + 0*t**3 + 0 + 1/720*t**6. Let d(i) be the second derivative of v(i). Give d(-1).
-1
Let a(w) be the third derivative of 1/120*w**6 - 1/12*w**4 + 1/6*w**3 - 1/20*w**5 + 0 + 0*w + 5*w**2. What is a(3)?
-5
Let a(k) = 3*k**2 - 11*k + 15. Let n(i) = 2*i**2 - 6*i + 8. Let d(t) = 3*a(t) - 5*n(t). Calculate d(-4).
1
Let j be 0/(-2)*1*1. Suppose j = -l - 2 + 5. Let v(u) = l + u - 6 + 1 - 2*u. Calculate v(0).
-2
Suppose 60 = 5*d + 3*b + 2*b, -5*d + 57 = 4*b. Let k(u) = -u - 25 + 8 + d + 9. What is k(6)?
-5
Let a(r) be the second derivative of r**4/12 - r**3/6 - r**2/2 - 27*r. Calculate a(-1).
1
Let s(p) be the second derivative of -p**4/12 - 4*p**3/3 - 5*p**2/2 + 5*p. Calculate s(-8).
-5
Let x(y) = 2*y**2 + 5*y + 2. Let p = -17 - -14. Give x(p).
5
Let q(l) = 2*l + 7. Let y be 0/(-2)*(-2)/(-4). Suppose y*p + 2*p = -4*n - 16, -5*n - 23 = 3*p. Calculate q(p).
-5
Let j(x) be the second derivative of -x**5/60 + x**4/8 - 2*x**3/3 + 4*x. Let p(f) be the second derivative of j(f). Calculate p(-5).
13
Let y(o) = o + 5. Suppose -k - 4 + 19 = -2*z, -k = 3*z + 10. Determine y(z).
0
Let y(n) = n - 3. Let u be (-10)/(-3 + 2 - 1). Calculate y(u).
2
Let c(v) be the first derivative of v**2 - 2*v - 10. What is c(-5)?
-12
Suppose -x = 3*x. Let z(y) = 3*y + 2. Let o(p) = -2*p - 2. Let n = 4 - 0. Let a(s) = n*o(s) + 3*z(s). Give a(x).
-2
Let a(k) be the first derivative of k**6/120 - k**5/30 + k**4/24 - k**3/3 - 5*k**2/2 - 1. Let o(x) be the second derivative of a(x). Determine o(2).
0
Let o(l) = 2*l - 4. Let w(g) = g - 1. Let q(z) = -2*o(z) + 7*w(z). Give q(-2).
-5
Let d(f) = -f - 6. Let a be d(-9). Suppose -18 = 3*t - 4*y, 3*y + 1 = -a*t + 4. Let x(n) = 2*n - 1. What is x(t)?
-5
Let i = -3 + 7. Let n be (i/(-3))/((-2)/(-3)). Let o(y) = 5*y**2 + y + 1. Let q(x) = -11*x**2 - x - 2. Let m(s) = -5*o(s) - 2*q(s). Calculate m(n).
-7
Suppose -3*o - 8 - 7 = 0. Let x = o - 1. Let s(w) = w**2 + 8*w + 3. What is s(x)?
-9
Let f(g) be the first derivative of g**3/3 - 3*g**2/2 - 6*g - 10. Suppose 2*t = 7*t - 25. Calculate f(t).
4
Let g(a) = -a**3 - 5*a**2 + a - 10. Let x(v) = -v**3 - 4*v**2 + v - 9. Let z(i) = -6*g(i) + 7*x(i). Give z(3).
-9
Let t(w) be the first derivative of 0*w - 1/12*w**4 - 2 - w**3 - 1/2*w**2. Let c(q) be the second derivative of t(q). Give c(-4).
2
Let a(z) = -2*z + 4. Suppose -3*y = 5*r + 34, -4*y + 4*r = -6 + 30. Calculate a(y).
20
Let w(k) be the first derivative of -k**4/12 + k**3/6 + k**2/2 - 8*k - 7. Let m(r) be the first derivative of w(r). Calculate m(2).
-1
Let s(o) be the third derivative of -o**6/360 + o**5/30 + o**4/24 + o**3/2 + 6*o**2. Let i(w) be the first derivative of s(w). Give i(3).
4
Let k(y) be the second derivative of y**3/6 + 7*y**2/2 + y. Let v(m) = -m**2 + m + 1. Suppose -j - 2 = 4*s, 0*s = -5*s. Let p be v(j). What is k(p)?
2
Let u(s) = s**3 - s**2. Let h be u(0). Let r be h*(3 - 1)/4. Let c(m) = m**2 - m - 9. What is c(r)?
-9
Suppose -10 = -4*j - 2. Let f(o) = 4*o**j + 4*o**2 - 6*o**2 + 4*o - o**2 - 7. Calculate f(-6).
5
Let m(z) = -z + 5. Suppose y + 29 - 11 = -4*w, -5*y + w - 27 = 0. Determine m(y).
11
Let d = 12 + -13. Let g(s) = -7*s. Determine g(d).
7
Let y(t) = t**2 + 6*t + 7. Let n be y(-5). Let m(s) = -s**2 - s**n - 2*s - 3 + 6*s. Let h be m(2). Let a(j) = -j**3 - 4*j**2 - 3*j + 2. Calculate a(h).
2
Let v = -1 - -2. Suppose 2*s + 1 = 3. Let w(j) = s - 1 + 4*j**2. What is w(v)?
4
Let z(m) = -m**3 - 2*m**2 + m - 3. Let a be (4/6)/(6/(-9)). Let b = 6 - a. Suppose -4*w - b - 5 = 0. What is z(w)?
3
Let a(l) = l**2 - 3. Let n(j) = -3*j**2. Let w be n(-2). Let m = -8 - w. Give a(m).
13
Let s = -8 - -13. Let q be (36/15)/2*s. Suppose 0 = 2*w - 0 + q. Let l(g) = -g - 1. Determine l(w).
2
Let g = 4 - 2. Let d(r) = 2*r**2 + 3*r - 2. Determine d(g).
12
Let y(c) be the second derivative of c**4/6 - c**3/2 + c**2 - 7*c. Let x = -7 + 9. Calculate y(x).
4
Let w(n) = -3*n - 6. Suppose -39 = -0*k + 3*k. Let q = k - -9. Determine w(q).
6
Let n = 16 + -21. Let b(h) = h**2 + 7*h + 3. Give b(n).
-7
Let i = 31 + -51. Let r be 2/5 - 172/i. Let a be r/3*8/(-12). Let c(s) = -s. Give c(a).
2
Suppose -8 = 5*h - 3*h. Let o(l) = 4*l - 1 + 0 + l**2 - 4*l**2 - l**3. Let b be o(h). Let m(x) = -x**2 + x + 1. Give m(b).
-1
Let z(f) be the third derivative of -f**6/10 + f**2. Calculate z(-1).
12
Let u(d) = -60*d + 62*d - 2*d**2 + d**2 + 3. Give u(3).
0
Suppose 2*y + 5 = 7*y. Let m(z) = -2*z - 1. What is m(y)?
-3
Let b be 66/3 - -1 - -2. Let f be 2/(-5) - (-135)/b. Let j(r) = r**2 - 6*r + 4. What is j(f)?
-1
Let s(j) be the first derivative of j**2/2 + 8*j - 2. Let l be s(-6). Let h(f) = -2 + 4*f - 4 + 3. Determine h(l).
5
Let q = 8 - 5. Let h(t) = 1 - t**q + 9 - 1 + t - t**2. Let a(w) = 2*w + 10. Let x be a(-5). Determine h(x).
9
Let i(t) = t**3 - t + 9. Let j(x) = x**2 - 2*x - 3. Let c be j(3). What is i(c)?
9
Let i(m) be the second derivative of -m**3 - 9*m - 2*m**2 + 0 + 1/12*m**4. Determine i(4).
-12
Let b = 17 - 10. Let x(m) = -9*m**3 + 9*m - 3. Let j = 1 - -3. Let w(n) = 5*n**3 - 5*n + 2. Let